e factors of c(l)?
2
Let x = 160 - 31. What are the prime factors of x?
3, 43
Let l(c) = -c + 4. Let g(x) = -x**3 - 8*x**2 - x - 6. Let k be g(-8). What are the prime factors of l(k)?
2
Let o be ((-4)/(-10))/(5/225). Suppose 0 = -5*z + 2*j + 48, 2*z - o + 0 = 2*j. What are the prime factors of z?
2, 5
Let v(r) = r - 1. Let i be v(1). Suppose y + 3*o + 6 = 0, 36 = y + 3*y - 3*o. Suppose -4*p + y = 2*q, i = -3*q - 3*p - 0 + 12. What are the prime factors of q?
5
Suppose -18 = -l + 4*p, 2 = 2*p + 10. Suppose -l*y - y - 3 = 0, -x - 5*y = 2. Suppose 0*h - x = -h. What are the prime factors of h?
3
Let v(u) be the second derivative of -u**5/20 - u**4/2 - u**3/3 - 3*u**2 + 6*u. List the prime factors of v(-6).
2, 3
Let x be (-2*(-2)/(-4))/(-1). Let u(a) = 26*a**3 - 1. List the prime factors of u(x).
5
Let b(c) = c**3 - 8*c - 36 + 4*c**2 + c**2 + 31. List the prime factors of b(-6).
7
What are the prime factors of (-321)/2*((-32)/(-6) - 6)?
107
Let x(r) be the third derivative of -r**4/24 + 2*r**3 - 4*r**2. Let p be x(9). Suppose n - l + 22 = 2*n, 0 = -3*n + p*l + 42. List the prime factors of n.
2, 3
Let f(h) = -h**3 + 6*h**2 - 2*h - 2. List the prime factors of f(4).
2, 11
Suppose 6*d + 262 = 718. List the prime factors of d.
2, 19
What are the prime factors of (-30)/(-12)*296/10?
2, 37
Suppose -2*s - 12 = -4*s. Let j be -12 - 4/s*-3. Let v = -5 - j. What are the prime factors of v?
5
Let g = 22 - 10. Suppose 2*u + 16 = 3*k - 0*u, 3*u = 3*k - g. What are the prime factors of k?
2
Let a = 4 + -1. Suppose 4*w + 2*k = -3*k + 4, -a*w - 5*k - 2 = 0. List the prime factors of w.
2, 3
Let s(c) = -c + 4. Let t be s(4). Let w = 1 + t. What are the prime factors of 13 + (w - -2) + 0?
2
Let l be 8/3*66/4. Suppose 2*c = c + l. What are the prime factors of c?
2, 11
Let t(k) = 2*k**2 + 5*k + 2. What are the prime factors of t(-7)?
5, 13
Let q = -7 - -7. Suppose q*j + 2*j - 4 = 0. What are the prime factors of j?
2
Let a = -17 - -17. Suppose 4*t + 58 = -0*v + v, a = -2*t - 10. List the prime factors of v.
2, 19
Let t = -219 + 368. List the prime factors of t.
149
Suppose 5*g - 4*y - 989 = 0, -12*g + 4*y = -10*g - 398. What are the prime factors of g?
197
Let x(o) = -84*o + 1. Let a be x(2). Let c = a + 236. Suppose -3*f + q + 51 = -0*f, 3*f = -5*q + c. What are the prime factors of f?
2, 3
Let j = -89 + 154. What are the prime factors of j?
5, 13
Let t = -16 + 27. What are the prime factors of t?
11
Suppose 48 = -4*s + 224. What are the prime factors of s?
2, 11
Suppose 0 = -4*m - 5 + 13. Suppose 0 = m*i - 4. Suppose -n = 4*p - 7*p - i, -18 = -3*n + 3*p. What are the prime factors of n?
2
Suppose -13*a = -14*a + 117. List the prime factors of a.
3, 13
Suppose 2*q = -8, -2*v + 0*q = 3*q + 26. What are the prime factors of 22/v*(-9 - -2)?
2, 11
Suppose -4*x = -x + 4*a - 895, -x - 5*a + 291 = 0. List the prime factors of x.
7, 43
Let c(l) = l**3 - 15*l**2 + 21*l - 16. List the prime factors of c(14).
2, 41
Let p(o) = -22*o**3 + o - 2. What are the prime factors of p(-2)?
2, 43
Let b(y) = -y**3 - 5*y**2 - y - 7. Let t be b(-5). Let n be (-2)/2 + (t - -2). What are the prime factors of 4*n*6/(-12)?
2
List the prime factors of ((-384)/(-30))/1 - (-3)/15.
13
Suppose -2*h = 4, 4*f - 15 = h + 91. Let o = f - 18. What are the prime factors of o?
2
Let l = 32 + -28. Suppose m - 29 = -0*m - 4*k, -5*m + 183 = k. Suppose -l*i + m = 3*w + 10, 2*i + 4 = 2*w. What are the prime factors of i?
3
Suppose -6*j = -5*q - 10*j + 596, -2*q + 241 = -j. What are the prime factors of q?
2, 3, 5
Suppose 4*f - 3*i - 2 = 0, 3*i - 13 = -f - 5. Suppose 9 + 13 = f*q. Suppose 0 = -2*m + 1 + q. What are the prime factors of m?
2, 3
Let v = -13 - -18. Suppose 7*l = v*l + 40. List the prime factors of l.
2, 5
Let b be 5*1*(-84)/(-35). Suppose -b = -2*z - 2*z. Suppose z*m + 19 - 5 = 5*w, -m = -w + 2. List the prime factors of w.
2
Suppose -4*p + 0*p + 4 = 0, p = -t + 1. Suppose 0 = -t*l + 2*l - 24. List the prime factors of l.
2, 3
Suppose 0 + 3 = c. Let q = 5 + c. Suppose -3*l + q = l. What are the prime factors of l?
2
Let s(k) = -k**2 - 32*k - 29. List the prime factors of s(-16).
227
Suppose -3*t - 41 = 7. Let y = -9 + 0. Let f = y - t. List the prime factors of f.
7
Let w be (-6)/18 + 73/3. Let m be 4/10 - (-23)/5. Suppose m*o = 3*h - 30, 3*h - o - w = 2*o. What are the prime factors of h?
5
Suppose -4*v - 56 = -4*g, -3*g = -4*g + 3*v + 22. What are the prime factors of g?
2, 5
Let b(d) = -16*d + 8. List the prime factors of b(-12).
2, 5
Let r(j) = 3 - 4 + 2*j**2 - j**2 - 5*j. Let s be r(6). Suppose -b = s*z - 3*b - 2, 4*z = 2*b. List the prime factors of z.
2
Suppose 0 = 2*t + t - 24. Let k = 18 - t. List the prime factors of k.
2, 5
Suppose 2 = -g, 4*g - 14 = -5*k + g. List the prime factors of ((-30)/8)/((-1)/k).
3, 5
Suppose 5*l - i + 16 = 3*l, -4*l - 32 = 4*i. Let c be l*((-9)/(-6) + -2). Suppose 0 = c*s - 12. List the prime factors of s.
3
Let m be (-1 + 1)/1 - -2. Let c = 5 - m. Suppose -11 + 44 = 5*i + 2*r, -3*r = -c*i + 3. What are the prime factors of i?
5
Suppose 5*o = 2*c + 14, 0*o - 2*c - 2 = o. Suppose 0 = -2*t - o*f + 40, 3*f - 10 = -1. List the prime factors of t.
17
Suppose 5*k + 230 = -5*q + 1430, 2*q = -6. List the prime factors of k.
3
Let r be -11 + -3 - 1*-2. List the prime factors of 1/4 + (-177)/r.
3, 5
Let j(i) = i**3 - 6*i**2 - 7*i. Let n be j(7). Suppose n = 4*b - f - 52, -2*f + 3*f + 4 = 0. What are the prime factors of b?
2, 3
Let s(q) = q + 4. Let k be s(-2). Suppose k*u - 56 = -20. List the prime factors of u.
2, 3
Suppose 2*h = 5*a - 0*h + 2, -5 = -a - 5*h. Suppose -4*i - i + 80 = a. List the prime factors of i.
2
Suppose -5 = 2*d - 3. List the prime factors of 40/15 - d/3.
3
Suppose -4*c = 73 - 241. What are the prime factors of c?
2, 3, 7
Suppose -k + 4*k = 66. What are the prime factors of k?
2, 11
Let z(u) be the second derivative of u**6/72 - u**4/12 - u**3/6 - 5*u. Let f(o) be the second derivative of z(o). List the prime factors of f(2).
2, 3
Let s(w) = w**2 + 4*w + 34. What are the prime factors of s(9)?
151
Let q be (-1 + 3)*(-36)/(-8). Let y = q + 4. Let t = y - 1. What are the prime factors of t?
2, 3
Suppose 0*l - 69 = -k + 4*l, 5*l - 25 = 0. Let t = k + -61. What are the prime factors of t?
2, 7
Let w = -7 - -6. What are the prime factors of 46*w/(-2) + 3?
2, 13
Suppose -3*v - 7 - 4 = -x, -2*v = -5*x + 29. Let f = x + 5. List the prime factors of f.
2, 5
Let v be (-1 + 3)/((-7)/(-14)). Let g be v*1/1 - -1. Suppose -w + g + 6 = 0. List the prime factors of w.
11
Let j be 6 + -2 - (3 + -3). Suppose -5*i + 85 = 2*c, -j*i - c - 2*c = -61. List the prime factors of i.
19
Let k(v) = -2*v**3 - 2 + 2 + 3 + 1 - 6*v**2. List the prime factors of k(-4).
2, 3
Suppose -l = -5*l. Let v = l - -2. List the prime factors of v.
2
Let c = -729 - -469. List the prime factors of c/(-36) - 4/18.
7
Suppose 4*y + 3*h - 368 = 7*h, 3*h - 258 = -3*y. What are the prime factors of y?
89
Let c(f) be the second derivative of -f**4/12 + 7*f**3/3 - 6*f**2 - 4*f. What are the prime factors of c(10)?
2, 7
Let z be 4/(-1) + 0 + 4. List the prime factors of 0 + z + 4 + 32.
2, 3
Suppose -24 = 5*h - h. Let a = h + 9. Suppose 0 = a*q - 9 - 12. What are the prime factors of q?
7
Suppose -8 = -4*u, 0 = -3*g - u - 6 + 20. Suppose 2*n = g*n - 50. What are the prime factors of n?
5
Let s(c) = -c + 7. Let p be s(-6). Let d(h) = h - 1. Let a be d(3). Suppose -p = -a*x + 9. What are the prime factors of x?
11
Suppose 2*b + 4*z + 0 + 2 = 0, -3*z = 4*b + 4. Suppose -3*f + 20 = -5*r, -f + 2 = -0*r + 3*r. Let x = b + f. What are the prime factors of x?
2
Let c(i) = i**2 + i + 12. Let g(b) = -b**2 - 7*b - 1. Let u be g(-6). Suppose -l = -u*l. What are the prime factors of c(l)?
2, 3
Let j(s) = s**2 + 9*s - 4. Let z be j(-9). Let f = z + 7. List the prime factors of f.
3
Suppose 2*p - 2*j + 4 = 0, 5*p = j + 3*j - 10. What are the prime factors of 4/p - (-2 + -3)?
3
Let q be ((-1)/1)/((-3)/276). Let j = q + -66. What are the prime factors of j?
2, 13
Let a = 8 + 7. Suppose -a*r - 190 = -20*r. List the prime factors of r.
2, 19
Let r = 1 - -1. Let x(m) = r*m - m**2 - 7 - 2*m**3 + 8 + 4*m**3. List the prime factors of x(2).
17
What are the prime factors of (0 + 6)*(-20)/(-6)?
2, 5
Suppose 2*t + 4 = 3*t